
5
Let h(b) = b**2 + 7*b. Let l be h(-4). Let a = 4 + l. Let y = a - -11. List the prime factors of y.
3
Let w be (-2)/(-8) + (-237)/(-12). Let u(d) = d**3 - 2*d**2 - d + 2. Let p be u(2). Suppose -2*q = -p*q - w. What are the prime factors of q?
2, 5
Let w(m) = 5*m. Let u be w(1). Suppose -2*g = l - 22, -2*g + 2*l - u = -21. List the prime factors of g.
2, 5
Let n = -5 + 8. Suppose 63 = 4*c + 11. Suppose n*m - 14 = c. List the prime factors of m.
3
Let o = -32 + 56. What are the prime factors of o?
2, 3
Let u = 2 + -3. Let w be (3/6 + -2)*2. Let d = u - w. What are the prime factors of d?
2
What are the prime factors of 160/(-6)*45/(-20)?
2, 3, 5
Let l(i) = i - 5. Let f(q) = q - 6. Let r(x) = 2*f(x) - 3*l(x). Let n = 5 + -8. List the prime factors of r(n).
2, 3
Suppose 4*h = h + 2*d + 328, -5*d + 356 = 3*h. What are the prime factors of h?
2, 7
Let m(a) = -11*a + 6. Let g be m(-6). Let j = -49 + g. What are the prime factors of j?
23
Suppose 2*n + n = 12. Suppose 2*g + 5*j = 62, -3*j = -n*g - 2*j + 102. What are the prime factors of g?
2, 13
Let w(f) be the first derivative of -f**6/120 - f**5/60 + 2*f**3/3 + f**2 + 1. Let v(u) be the second derivative of w(u). List the prime factors of v(0).
2
Let y = -19 + 24. Let z be 2 + -2 + (-12)/(-2). Let b = y + z. What are the prime factors of b?
11
What are the prime factors of 1004/24 + 4/24?
2, 3, 7
Suppose k - 77 = -12. What are the prime factors of k?
5, 13
Let u = 90 + -56. List the prime factors of u.
2, 17
Suppose 3*l + 0*l - 27 = 0. What are the prime factors of (3/2)/(l/48)?
2
What are the prime factors of (0 + (-12)/4)*-9?
3
Let q be 3/5*(0 - -5). Suppose q*t + 52 = 7*t. Suppose 0 = a + g - 0*g - 11, -3*g = a - t. What are the prime factors of a?
2, 5
Let r(k) = 4*k - 5. Let q = 13 + -9. List the prime factors of r(q).
11
Suppose -r = 3*t - 5*r - 20, -r = 5. Suppose i - 5 + 0 = t. Suppose 0*b - 31 = -3*b - i*o, -b - 8 = -2*o. What are the prime factors of b?
2
Let b = -41 + 27. Suppose -2*m - 50 = 3*m. Let a = m - b. List the prime factors of a.
2
Suppose j + 18 = -0*o + 3*o, -j - 23 = -4*o. Let h(i) = i**3 + 6*i**2 + 3*i - 4. What are the prime factors of h(j)?
2, 7
Suppose -2*y - 3*y + 15 = 0. Suppose 1 = 4*n + 4*k - 3, 3*n - y*k - 21 = 0. List the prime factors of n.
2
Let p(o) = -o + 1. Let m be p(-4). Suppose w - 2 = m*q, -4*w - 6 = -5*q - 14. Suppose q = -d + 5*d - 16. What are the prime factors of d?
2
Suppose -4*j = r - 14, r = 5*j - 17 - 5. Suppose j*d - 4 - 16 = 0. Suppose 0*i + 45 = d*i. List the prime factors of i.
3
Let n(s) = 2*s. Suppose -15 = 2*k + 3*k. Let l be n(k). What are the prime factors of (-9)/l*(-6)/(-1)?
3
Let u(h) = -h + 2. Let b be u(-5). Suppose 5*v - 49 - 6 = 0. Let a = v - b. What are the prime factors of a?
2
Let u(d) = 0*d + d**2 + 20 + d + 4. List the prime factors of u(0).
2, 3
Suppose 5*p - 5*t - 50 = 0, -2*t - 15 = -p - 0*t. Suppose p*x + 0*o - 24 = 4*o, -3*o = 2*x - 5. What are the prime factors of x?
2
Let r(d) = d**2 - 7*d - 5. Suppose x - 25 = 6*x. Let w be r(x). Suppose -q + 6*q - w = 0. List the prime factors of q.
11
Let n(m) = -m - 2. Let a be n(-7). Suppose 2*h - a*u - 85 = 0, 4*h + 4*u - 157 = u. Suppose 6*w - 2*w = h. What are the prime factors of w?
2, 5
Let z be (6 - 7)*10/(-2). Let u be (-18)/5 + (-2)/z. List the prime factors of (-90)/(-12)*u/(-3).
2, 5
Suppose -56 = -2*n - 0*n. What are the prime factors of n?
2, 7
Suppose -t - 1035 = -6*t. List the prime factors of t.
3, 23
Let j be (-25)/(-3) - (-2)/(-6). Suppose j*x - 5*x - 24 = 0. What are the prime factors of x?
2
Let t(s) = s**3 + 5*s**2 + 2*s + 6. Let w = 6 + -10. List the prime factors of t(w).
2, 7
Let y = -231 + 434. List the prime factors of y.
7, 29
Suppose 8 = -4*t - 5*f, 5*t = t + 3*f + 24. Suppose -t*i + 45 - 6 = 0. What are the prime factors of i?
13
Suppose 12*u - 10*u = 176. What are the prime factors of u?
2, 11
What are the prime factors of (1 - -137)/(-13 - -15)?
3, 23
Let t(v) = -v + 10. Let o be t(7). Let z = -1 + o. List the prime factors of (z/4)/((-5)/(-30)).
3
Let y be 72/27*(-66)/(-4). Suppose y = -g + 5*g. What are the prime factors of g?
11
Let j be 12*(26/(-6) + 3). Let m(a) = a**2 - 6*a - 2. Let h be m(4). What are the prime factors of (j/h + -2)*-25?
2, 5
Let l(u) = -67*u - 17. List the prime factors of l(-2).
3, 13
Let y = 19 + -9. Let l = y - -10. List the prime factors of l.
2, 5
Let y be (-2 + 0)/(1/4). What are the prime factors of (-180)/y + 5/(-10)?
2, 11
Let y(p) = -p**2 - 3*p. Let j = -8 - -3. Let v be y(j). Let l = v - -22. List the prime factors of l.
2, 3
Let q = -22 + 8. What are the prime factors of (q/(-8))/(4/16)?
7
Let q be ((-22)/4)/((-2)/(-4)). Suppose -j + 30 = 5. Let z = q + j. What are the prime factors of z?
2, 7
Let d = -136 + 277. List the prime factors of d.
3, 47
Suppose 38 + 61 = 3*t. List the prime factors of t.
3, 11
Let x = 3 + 2. Let i = 40 + 13. Suppose 2*u - d - 2*d = 6, -i = -x*u - 2*d. List the prime factors of u.
3
List the prime factors of (-418)/(-7) - 6/(-21).
2, 3, 5
Let l be (-1)/4 + 44/(-16). What are the prime factors of 8/l*(4 + -7)?
2
Suppose -2*i + 264 = -u, -5*i = -i + 5*u - 514. What are the prime factors of i?
131
Suppose 19 = s - 0*s. Suppose 5*p - s = -4*n, -3*p = -3*n - 2 - 4. Suppose 4*h - h - y = 39, -5*y = p*h - 39. What are the prime factors of h?
13
Suppose 0 = 5*k - 120 - 95. Suppose k = 4*h - 3*l, 0*h - l - 12 = -h. What are the prime factors of h?
7
Let z be (4/10)/((-4)/(-240)). Suppose 72 - z = 4*d. What are the prime factors of d?
2, 3
Let y = -1 + 7. Suppose -2*v + 4 = -0. What are the prime factors of 1/v + 15/y?
3
Suppose -225 = -3*v - 2*v + 3*f, 0 = 2*v - 4*f - 76. List the prime factors of v.
2, 3
Let h(r) = r**3 + 11*r**2 + 13*r + 13. List the prime factors of h(-6).
5, 23
Let k(r) = 12*r + 2*r**2 - 3*r - 3 - r**2. List the prime factors of k(-10).
7
Let u be (-4)/(-10) + 204/15. Let g = u - 9. What are the prime factors of g?
5
What are the prime factors of 91 + -1*(-12)/(12/3)?
2, 47
Let i(q) = q**2 + 9*q + 11. Let m be i(-8). What are the prime factors of (-4 + m)*(0 + -7)?
7
Let h = 12 + -9. Suppose -h*b = -6*b + 51. List the prime factors of b.
17
Suppose -2*k = -5*q - k + 534, -3*q - 4*k = -302. List the prime factors of q.
2, 53
Suppose 49 = -2*u - 59. List the prime factors of u/(-3)*3/6.
3
Let u(p) = 0*p - 9*p**2 + 0*p - 7 + p + p**3. List the prime factors of u(9).
2
Suppose 3*n - 2*x = 26 - 11, 2*n + 5*x = 29. Let o = n + -5. Suppose -2 = -o*q + 6. What are the prime factors of q?
2
Suppose -9 = -3*u + 21. Let d be (-14)/u + 9/(-15). Let h = 20 + d. List the prime factors of h.
2, 3
Suppose x - 24 - 143 = -4*g, -304 = -2*x + 2*g. What are the prime factors of x?
5, 31
Let n be 0 - -2 - (-1 + 1). Suppose n*j - 15 = -j. Suppose 5*w - 20 = 0, -j*m + w + 64 = 2*w. What are the prime factors of m?
2, 3
Let o(u) = -2*u - 1. List the prime factors of o(-7).
13
Suppose -2*o - b + 15 = 2*o, -3*o - 5*b = 10. Let l = o + -1. List the prime factors of l.
2
What are the prime factors of 9 - 4/(3 + 1)?
2
Let x(r) = r**2 + r + 6. Let d(z) = z**2 + z + 5. Let p(q) = -3*d(q) + 4*x(q). List the prime factors of p(0).
3
Suppose 0 = -3*d - 2*x + 18, -3*x = 6*d - d - 31. Let t = -5 + d. Suppose 39 = t*a - 0. What are the prime factors of a?
13
Let w(u) be the third derivative of -1/3*u**3 - 1/60*u**5 - 5/24*u**4 + 0 + 0*u + u**2. List the prime factors of w(-2).
2
Let s = -63 + 208. What are the prime factors of s?
5, 29
Let k = -37 + 51. List the prime factors of k.
2, 7
Let v be 2/4*6 + 1. Suppose -r + 2*r - 7 = -n, v*n - 2*r - 28 = 0. What are the prime factors of n?
7
Let y be (-2)/11 - (-4144)/44. List the prime factors of 4/14 - y/(-14).
7
Let v = -16 - -10. Let g be 1*v/2 - -5. Let s = 6 - g. List the prime factors of s.
2
Let w(d) = d**3 - 2*d + 3. Suppose -6*p + 6 = -3*p. What are the prime factors of w(p)?
7
Suppose -4*n - 2*r + 6 = 0, 6 = -n - 2*n - 5*r. Suppose d = 6 + 3. Let s = d + n. What are the prime factors of s?
2, 3
Suppose 4*i - 7*i + 117 = 0. Let a = i - 25. List the prime factors of a.
2, 7
Let r(l) = -3*l + 3. Let c be r(12). Let j = -17 - c. List the prime factors of j.
2
Let u(q) = -q**3 + 9*q**2 + 2*q - 6. Let z(w) = w**2 - w - 3. Let s be z(-3). List the prime fa